{"id":1606,"date":"2009-12-18T08:59:57","date_gmt":"2009-12-18T06:59:57","guid":{"rendered":"http:\/\/www.apartment666.com\/blog\/?page_id=1606"},"modified":"2011-09-04T15:50:21","modified_gmt":"2011-09-04T13:50:21","slug":"ein-loch-in-meinem-herzen-in-zurich-theater-neumarkt","status":"publish","type":"page","link":"http:\/\/www.apartment666.com\/blog\/robert\/ein-loch-in-meinem-herzen-in-zurich-theater-neumarkt\/","title":{"rendered":">ein loch in meinem herzen< in z\u00fcrich, theater neumarkt"},"content":{"rendered":"<p>nach dem Film A HOLE IN MY HEART von Lukas Moodysson<\/p>\n<p>&nbsp;<\/p>\n<p>Rikard, Geko, Erik und Tess haben sich in einer kleinen Wohnung von der Aussenwelt abgeschottet. Alle vier sind \u201ezerbrochene Charaktere\u201c, die den Anschluss an eine konsum- und leistungsorientierte Gesellschaft verloren haben. Rikard gelingt es nicht, eine Beziehung zu seinem Sohn Erik aufzubauen. Der sitzt Tag f\u00fcr Tag in seinem abgedunkelten Zimmer und widmet sich einer W\u00fcrmerzucht. Rikards Freund Geko hat Angst vor dem Tod, denn er ist herzkrank, und die 22-j\u00e4hrige Tess hofft, dass sie mit den Porno-Videos, die Rikard und Geko mit ihr drehen, in L.A. ein Star wird.<\/p>\n<p>&nbsp;<\/p>\n<p>Ausgangspunkt f\u00fcr Robert Lehnigers Inszenierung ist der Spielfilm des schwedischen Schriftstellers und Regisseurs Lukas Moodysson, der mit seiner expliziten Drastik f\u00fcr handfeste Skandale sorgte. Zuallererst widmet sich die Inszenierung den dunklen Seiten der Gesellschaft \u2013 fernab jeder Provokation. Eine Geschichte \u00fcber die Suche nach einem Ausweg aus der Trostlosigkeit und der Isolation einer immer gef\u00fchlloser werdenden Welt.<\/p>\n<p>&nbsp;<\/p>\n<p>&#8222;Auf der B\u00fchne gibt&#8217;s nackte K\u00f6rper und nackte Seelen: ein f\u00fchlbares Meer aus Einsamkeit in einem (imaginierten) Meer aus K\u00f6rperfl\u00fcssigkeit. Gilles Tschudis Rikard &#8211; sch\u00f6n eklig mit Kettchen, B\u00e4rtchen und nicht gerade durchtrainierter Figur &#8211; denkt sich die Filmszenen aus, die immer gewaltt\u00e4tiger werden, und versucht so das Loch in seinem Herzen zu stopfen.[&#8230;] Und die Z\u00fcrcher Schauspieler knien sich hinein in diese Verfallsstudie.&#8220; (Tages-Anzeiger)<\/p>\n<p>&nbsp;<\/p>\n<p>Mit: Gilles Tschudi, Thomas Wodianka, Franziska Wulf, Jakob Leo Stark<\/p>\n<p>Regie: Robert Lehniger, Ausstattung: Irene Ip, Video: Martin Bosch, Dramaturgie: Britta Kampert (Gast)<\/p>\n<p>&nbsp;<\/p>\n<p>download: <a title=\"Programmheft\" href=\"http:\/\/www.apartment666.com\/blog\/wp-content\/uploads\/2009\/12\/Programmzettel_EinLochinmeinemHerzen-1.pdf\" target=\"_blank\">Programmzettel_EinLochinmeinemHerzen<\/a><\/p>\n<p>presse: <a href=\"http:\/\/www.blick.ch\/unterhaltung\/zieht-sich-gilles-tschudi-nie-mehr-an-168811\" target=\"_blank\">blick<\/a><\/p>\n<p>&nbsp;<\/p>\n<p><iframe loading=\"lazy\" src=\"http:\/\/www.youtube.com\/embed\/fbU4tdbvDS8\" frameborder=\"0\" width=\"700\" height=\"390\"><\/iframe><\/p>\n<p>&nbsp;<\/p>\n<p>&nbsp;<\/p>\n<!-- AddThis Advanced Settings generic via filter on the_content --><!-- AddThis Share Buttons generic via filter on the_content -->","protected":false},"excerpt":{"rendered":"<p>nach dem Film A HOLE IN MY HEART von Lukas Moodysson &nbsp; Rikard, Geko, Erik und Tess haben sich in einer kleinen Wohnung von der Aussenwelt abgeschottet. Alle vier sind \u201ezerbrochene Charaktere\u201c, die den Anschluss an eine konsum- und leistungsorientierte &hellip; <a href=\"http:\/\/www.apartment666.com\/blog\/robert\/ein-loch-in-meinem-herzen-in-zurich-theater-neumarkt\/\">Weiterlesen <span class=\"meta-nav\">&rarr;<\/span><\/a><!-- AddThis Advanced Settings generic via filter on get_the_excerpt --><!-- AddThis Share Buttons generic via filter on get_the_excerpt --><\/p>\n","protected":false},"author":2,"featured_media":1612,"parent":1538,"menu_order":0,"comment_status":"open","ping_status":"open","template":"","meta":{"footnotes":""},"class_list":["post-1606","page","type-page","status-publish","has-post-thumbnail","hentry"],"_links":{"self":[{"href":"http:\/\/www.apartment666.com\/blog\/wp-json\/wp\/v2\/pages\/1606","targetHints":{"allow":["GET"]}}],"collection":[{"href":"http:\/\/www.apartment666.com\/blog\/wp-json\/wp\/v2\/pages"}],"about":[{"href":"http:\/\/www.apartment666.com\/blog\/wp-json\/wp\/v2\/types\/page"}],"author":[{"embeddable":true,"href":"http:\/\/www.apartment666.com\/blog\/wp-json\/wp\/v2\/users\/2"}],"replies":[{"embeddable":true,"href":"http:\/\/www.apartment666.com\/blog\/wp-json\/wp\/v2\/comments?post=1606"}],"version-history":[{"count":3,"href":"http:\/\/www.apartment666.com\/blog\/wp-json\/wp\/v2\/pages\/1606\/revisions"}],"predecessor-version":[{"id":1689,"href":"http:\/\/www.apartment666.com\/blog\/wp-json\/wp\/v2\/pages\/1606\/revisions\/1689"}],"up":[{"embeddable":true,"href":"http:\/\/www.apartment666.com\/blog\/wp-json\/wp\/v2\/pages\/1538"}],"wp:featuredmedia":[{"embeddable":true,"href":"http:\/\/www.apartment666.com\/blog\/wp-json\/wp\/v2\/media\/1612"}],"wp:attachment":[{"href":"http:\/\/www.apartment666.com\/blog\/wp-json\/wp\/v2\/media?parent=1606"}],"curies":[{"name":"wp","href":"https:\/\/api.w.org\/{rel}","templated":true}]}}